{"id":1507,"date":"2022-05-22T16:07:48","date_gmt":"2022-05-22T16:07:48","guid":{"rendered":"http:\/\/gvi.com.mx\/2013\/?page_id=1507"},"modified":"2022-10-07T15:20:42","modified_gmt":"2022-10-07T15:20:42","slug":"mad","status":"publish","type":"page","link":"https:\/\/gvi.com.mx\/2013\/mad\/","title":{"rendered":"MAD"},"content":{"rendered":"<section class=\"wpb-content-wrapper\"><p>[vc_row full_width=\u00bbstretch_row\u00bb equal_height=\u00bbyes\u00bb css=\u00bb.vc_custom_1664980441233{background-image: url(http:\/\/gvi.com.mx\/2013\/wp-content\/uploads\/2022\/10\/banner-mad-1.jpg?id=3660) !important;background-position: center !important;background-repeat: no-repeat !important;background-size: cover !important;}\u00bb][vc_column]<div class=\"cz_gap clr \" style=\"height: 40px\"><\/div>[vc_row_inner][vc_column_inner width=\u00bb1\/2&#8243;]<div id=\"cz_104357\" class=\"cz_104357 cz_title clr cz_title_pos_inline\"><div class=\"cz_title_content\"><div class=\"cz_wpe_content\"><h6><span style=\"color: #ffffff;\">GVI<\/span><\/h6>\n<\/div><\/div><\/div><div class=\"cz_gap clr \" style=\"height: 10px\"><\/div>[vc_separator color=\u00bbwhite\u00bb align=\u00bbalign_left\u00bb border_width=\u00bb10&#8243; el_width=\u00bb10&#8243;]<div id=\"cz_48640\" class=\"cz_48640 cz_title clr cz_title_pos_inline\"><div class=\"cz_title_content\"><div class=\"cz_wpe_content\"><h2><span style=\"color: #ffffff;\">ACN\u00c9<\/span><\/h2>\n<\/div><\/div><\/div><div id=\"cz_51815\" class=\"cz_51815 cz_title clr cz_title_pos_inline\"><div class=\"cz_title_content\"><div class=\"cz_wpe_content\"><h6><span style=\"color: #ffffff;\"><strong>Pensados para satisfacer cada necesidad individual y mejorar cada tipo de piel<\/strong><\/span><\/h6>\n<\/div><\/div><\/div><div class=\"cz_gap clr \" style=\"height: 10px\"><\/div>[\/vc_column_inner][vc_column_inner width=\u00bb1\/2&#8243;][\/vc_column_inner][\/vc_row_inner]<div class=\"cz_gap clr \" style=\"height: 60px\"><\/div>[\/vc_column][\/vc_row][vc_row full_width=\u00bbstretch_row_content\u00bb equal_height=\u00bbyes\u00bb css=\u00bb.vc_custom_1651554294971{background-color: #e9ebe8 !important;background-position: center !important;background-repeat: no-repeat !important;background-size: cover !important;}\u00bb][vc_column width=\u00bb1\/2&#8243; css=\u00bb.vc_custom_1651542516880{padding-top: 50px !important;padding-right: 50px !important;padding-bottom: 50px !important;padding-left: 50px !important;background-color: #f2f2f2 !important;}\u00bb]<div class=\"cz_gap clr \" style=\"height: 50px\"><\/div><div id=\"cz_110365\" class=\"cz_110365 cz_image clr cz_image_no_fx center_on_mobile\"><div class=\"\" ><div class=\"cz_image_in\"><div class=\"cz_main_image\"><img decoding=\"async\" width=\"204\" height=\"131\" src=\"data:image\/svg+xml,%3Csvg%20xmlns%3D&#39;http%3A%2F%2Fwww.w3.org%2F2000%2Fsvg&#39;%20width=&#39;204&#39;%20height=&#39;131&#39;%20viewBox%3D&#39;0%200%20204%20131&#39;%2F%3E\" data-czlz data-src=\"https:\/\/gvi.com.mx\/2013\/wp-content\/uploads\/2022\/04\/mad-1-e1664326885185.png\" class=\"attachment-full\" alt=\"\" title=\"mad\" \/><\/div><\/div><\/div><\/div><div class=\"cz_gap clr \" style=\"height: 25px\"><\/div><div id=\"cz_55083\" class=\"cz_55083 cz_title clr cz_title_pos_inline\"><div class=\"cz_title_content\"><div class=\"cz_wpe_content\"><p>Un <span style=\"color: #ff6600;\"><strong>protocolo completo<\/strong><\/span> para reducir la apariencia de imperfecciones visibles a la vez que <span style=\"color: #ff6600;\"><strong>controla <\/strong><\/span>los factores principales de la formaci\u00f3n de <span style=\"color: #ff6600;\"><strong>acn\u00e9<\/strong><\/span>: la sobreproducci\u00f3n de grasa, la proliferaci\u00f3n bacteriana y la inflamaci\u00f3n de la piel causada por poros obstruidos.<\/p>\n<\/div><\/div><\/div><div class=\"cz_gap clr \" style=\"height: 25px\"><\/div><div class=\"cz_gap clr \" style=\"height: 25px\"><\/div>[\/vc_column][vc_column width=\u00bb1\/2&#8243; css=\u00bb.vc_custom_1651592431007{margin-top: 0px !important;margin-right: 0px !important;margin-bottom: 0px !important;margin-left: 0px !important;padding-top: 0px !important;padding-right: 0px !important;padding-bottom: 0px !important;padding-left: 0px !important;}\u00bb]<div class=\"cz_eqh cz_content_box_parent_fx  \"><div id=\"cz_70189\" class=\"cz_70189 cz_content_box clr\"><div class=\"cz_box_front clr\"><div class=\"cz_box_front_inner clr \"><span><\/span><div><div class=\"cz_gap clr \" style=\"height: 500px\"><\/div><\/div><\/div><\/div><\/div><\/div>[\/vc_column][\/vc_row][vc_row full_width=\u00bbstretch_row_content\u00bb equal_height=\u00bbyes\u00bb][vc_column]<div class=\"cz_gap clr  hide_on_mobile\" style=\"height: 50px\"><\/div><div class=\"cz_gap show_on_mobile clr\" style=\"height: 25px\"><\/div>[\/vc_column][\/vc_row][vc_row][vc_column offset=\u00bbvc_hidden-sm vc_hidden-xs\u00bb][vc_row_inner][vc_column_inner width=\u00bb1\/4&#8243;]<div id=\"cz_74968\" class=\"cz_74968 cz_image clr cz_image_no_fx center_on_mobile\"><div class=\"\" ><div class=\"cz_image_in\"><div class=\"cz_main_image\"><img decoding=\"async\" width=\"1080\" height=\"1080\" src=\"data:image\/svg+xml,%3Csvg%20xmlns%3D&#39;http%3A%2F%2Fwww.w3.org%2F2000%2Fsvg&#39;%20width=&#39;1080&#39;%20height=&#39;1080&#39;%20viewBox%3D&#39;0%200%201080%201080&#39;%2F%3E\" data-czlz data-src=\"https:\/\/gvi.com.mx\/2013\/wp-content\/uploads\/2022\/05\/ACNE-DRYING-LOTION-1.jpg\" class=\"attachment-full\" alt=\"\" title=\"ACNE-DRYING-LOTION\" data-srcset=\"https:\/\/gvi.com.mx\/2013\/wp-content\/uploads\/2022\/05\/ACNE-DRYING-LOTION-1.jpg 1080w, https:\/\/gvi.com.mx\/2013\/wp-content\/uploads\/2022\/05\/ACNE-DRYING-LOTION-1-300x300.jpg 300w, https:\/\/gvi.com.mx\/2013\/wp-content\/uploads\/2022\/05\/ACNE-DRYING-LOTION-1-1024x1024.jpg 1024w, https:\/\/gvi.com.mx\/2013\/wp-content\/uploads\/2022\/05\/ACNE-DRYING-LOTION-1-150x150.jpg 150w, https:\/\/gvi.com.mx\/2013\/wp-content\/uploads\/2022\/05\/ACNE-DRYING-LOTION-1-768x768.jpg 768w, https:\/\/gvi.com.mx\/2013\/wp-content\/uploads\/2022\/05\/ACNE-DRYING-LOTION-1-600x600.jpg 600w, https:\/\/gvi.com.mx\/2013\/wp-content\/uploads\/2022\/05\/ACNE-DRYING-LOTION-1-100x100.jpg 100w\" data-sizes=\"(max-width: 1080px) 100vw, 1080px\" \/><\/div><\/div><\/div><\/div><div class=\"cz_gap clr \" style=\"height: 20px\"><\/div><div id=\"cz_89685\" class=\"cz_89685 cz_title clr cz_title_pos_center tac\"><div class=\"cz_title_content\"><div class=\"cz_wpe_content\"><h2 style=\"text-align: center;\">ACNE DRYING LOTION<br \/>\nSULFUR 10%<\/h2>\n<\/div><\/div><\/div><div class=\"cz_gap clr \" style=\"height: 20px\"><\/div><div class=\"cz_btn_center\"><div class=\"cz_97804_p\"><a id=\"cz_97804\" class=\"cz_97804 cz_btn cz_btn_txt_no_fx cz_btn_no_fx\" href=\"http:\/\/gvi.com.mx\/2013\/acne-drying-lotion-sulfur-10\/\" title=\"ACNE DRYING LOTION\"><span><strong>+Informaci\u00f3n<\/strong><\/span><b class=\"cz_btn_onhover\"><strong>+Informaci\u00f3n<\/strong><\/b><\/a><\/div><\/div>[\/vc_column_inner][vc_column_inner width=\u00bb1\/4&#8243;]<div id=\"cz_105155\" class=\"cz_105155 cz_image clr cz_image_no_fx center_on_mobile\"><div class=\"\" ><div class=\"cz_image_in\"><div class=\"cz_main_image\"><img decoding=\"async\" width=\"1080\" height=\"1080\" src=\"data:image\/svg+xml,%3Csvg%20xmlns%3D&#39;http%3A%2F%2Fwww.w3.org%2F2000%2Fsvg&#39;%20width=&#39;1080&#39;%20height=&#39;1080&#39;%20viewBox%3D&#39;0%200%201080%201080&#39;%2F%3E\" data-czlz data-src=\"https:\/\/gvi.com.mx\/2013\/wp-content\/uploads\/2022\/05\/acne-reversing-gel.jpg\" class=\"attachment-full\" alt=\"\" title=\"acne-reversing-gel\" data-srcset=\"https:\/\/gvi.com.mx\/2013\/wp-content\/uploads\/2022\/05\/acne-reversing-gel.jpg 1080w, https:\/\/gvi.com.mx\/2013\/wp-content\/uploads\/2022\/05\/acne-reversing-gel-300x300.jpg 300w, https:\/\/gvi.com.mx\/2013\/wp-content\/uploads\/2022\/05\/acne-reversing-gel-1024x1024.jpg 1024w, https:\/\/gvi.com.mx\/2013\/wp-content\/uploads\/2022\/05\/acne-reversing-gel-150x150.jpg 150w, https:\/\/gvi.com.mx\/2013\/wp-content\/uploads\/2022\/05\/acne-reversing-gel-768x768.jpg 768w, https:\/\/gvi.com.mx\/2013\/wp-content\/uploads\/2022\/05\/acne-reversing-gel-600x600.jpg 600w, https:\/\/gvi.com.mx\/2013\/wp-content\/uploads\/2022\/05\/acne-reversing-gel-100x100.jpg 100w\" data-sizes=\"(max-width: 1080px) 100vw, 1080px\" \/><\/div><\/div><\/div><\/div><div class=\"cz_gap clr \" style=\"height: 20px\"><\/div><div id=\"cz_109323\" class=\"cz_109323 cz_title clr cz_title_pos_center tac\"><div class=\"cz_title_content\"><div class=\"cz_wpe_content\"><h2 style=\"text-align: center;\">ACNE REVERSING<br \/>\nGEL<\/h2>\n<\/div><\/div><\/div><div class=\"cz_gap clr \" style=\"height: 20px\"><\/div><div class=\"cz_btn_center\"><div class=\"cz_97176_p\"><a id=\"cz_97176\" class=\"cz_97176 cz_btn cz_btn_txt_no_fx cz_btn_no_fx\" href=\"http:\/\/gvi.com.mx\/2013\/acne-reversing-gel-2\/\" title=\"SUPREME SERUM 20\"><span><strong>+Informaci\u00f3n<\/strong><\/span><b class=\"cz_btn_onhover\"><strong>+Informaci\u00f3n<\/strong><\/b><\/a><\/div><\/div>[\/vc_column_inner][vc_column_inner width=\u00bb1\/4&#8243;]<div id=\"cz_85406\" class=\"cz_85406 cz_image clr cz_image_no_fx center_on_mobile\"><div class=\"\" ><div class=\"cz_image_in\"><div class=\"cz_main_image\"><img decoding=\"async\" width=\"1080\" height=\"1080\" src=\"data:image\/svg+xml,%3Csvg%20xmlns%3D&#39;http%3A%2F%2Fwww.w3.org%2F2000%2Fsvg&#39;%20width=&#39;1080&#39;%20height=&#39;1080&#39;%20viewBox%3D&#39;0%200%201080%201080&#39;%2F%3E\" data-czlz data-src=\"https:\/\/gvi.com.mx\/2013\/wp-content\/uploads\/2022\/05\/BREAKOUT-CONTROL-DAILY-MOIS.jpg\" class=\"attachment-full\" alt=\"\" title=\"BREAKOUT-CONTROL-DAILY-MOIS\" data-srcset=\"https:\/\/gvi.com.mx\/2013\/wp-content\/uploads\/2022\/05\/BREAKOUT-CONTROL-DAILY-MOIS.jpg 1080w, https:\/\/gvi.com.mx\/2013\/wp-content\/uploads\/2022\/05\/BREAKOUT-CONTROL-DAILY-MOIS-300x300.jpg 300w, https:\/\/gvi.com.mx\/2013\/wp-content\/uploads\/2022\/05\/BREAKOUT-CONTROL-DAILY-MOIS-1024x1024.jpg 1024w, https:\/\/gvi.com.mx\/2013\/wp-content\/uploads\/2022\/05\/BREAKOUT-CONTROL-DAILY-MOIS-150x150.jpg 150w, https:\/\/gvi.com.mx\/2013\/wp-content\/uploads\/2022\/05\/BREAKOUT-CONTROL-DAILY-MOIS-768x768.jpg 768w, https:\/\/gvi.com.mx\/2013\/wp-content\/uploads\/2022\/05\/BREAKOUT-CONTROL-DAILY-MOIS-600x600.jpg 600w, https:\/\/gvi.com.mx\/2013\/wp-content\/uploads\/2022\/05\/BREAKOUT-CONTROL-DAILY-MOIS-100x100.jpg 100w\" data-sizes=\"(max-width: 1080px) 100vw, 1080px\" \/><\/div><\/div><\/div><\/div><div class=\"cz_gap clr \" style=\"height: 20px\"><\/div><div id=\"cz_41285\" class=\"cz_41285 cz_title clr cz_title_pos_center tac\"><div class=\"cz_title_content\"><div class=\"cz_wpe_content\"><h2 style=\"text-align: center;\">BREAKOUT CONTROL<br \/>\nDAILY MOISTURIZER<\/h2>\n<\/div><\/div><\/div><div class=\"cz_gap clr \" style=\"height: 20px\"><\/div><div class=\"cz_btn_center\"><div class=\"cz_43640_p\"><a id=\"cz_43640\" class=\"cz_43640 cz_btn cz_btn_txt_no_fx cz_btn_no_fx\" href=\"http:\/\/gvi.com.mx\/2013\/breakout-control-daily-moisturizer\/\" title=\"SUPREME EYE C5\"><span><strong>+Informaci\u00f3n<\/strong><\/span><b class=\"cz_btn_onhover\"><strong>+Informaci\u00f3n<\/strong><\/b><\/a><\/div><\/div>[\/vc_column_inner][vc_column_inner width=\u00bb1\/4&#8243;]<div id=\"cz_101177\" class=\"cz_101177 cz_image clr cz_image_no_fx center_on_mobile\"><div class=\"\" ><div class=\"cz_image_in\"><div class=\"cz_main_image\"><img decoding=\"async\" width=\"1080\" height=\"1080\" src=\"data:image\/svg+xml,%3Csvg%20xmlns%3D&#39;http%3A%2F%2Fwww.w3.org%2F2000%2Fsvg&#39;%20width=&#39;1080&#39;%20height=&#39;1080&#39;%20viewBox%3D&#39;0%200%201080%201080&#39;%2F%3E\" data-czlz data-src=\"https:\/\/gvi.com.mx\/2013\/wp-content\/uploads\/2022\/05\/Salicilic-cleansing-gel.jpg\" class=\"attachment-full\" alt=\"\" title=\"Salicilic-cleansing-gel\" data-srcset=\"https:\/\/gvi.com.mx\/2013\/wp-content\/uploads\/2022\/05\/Salicilic-cleansing-gel.jpg 1080w, https:\/\/gvi.com.mx\/2013\/wp-content\/uploads\/2022\/05\/Salicilic-cleansing-gel-300x300.jpg 300w, https:\/\/gvi.com.mx\/2013\/wp-content\/uploads\/2022\/05\/Salicilic-cleansing-gel-1024x1024.jpg 1024w, https:\/\/gvi.com.mx\/2013\/wp-content\/uploads\/2022\/05\/Salicilic-cleansing-gel-150x150.jpg 150w, https:\/\/gvi.com.mx\/2013\/wp-content\/uploads\/2022\/05\/Salicilic-cleansing-gel-768x768.jpg 768w, https:\/\/gvi.com.mx\/2013\/wp-content\/uploads\/2022\/05\/Salicilic-cleansing-gel-600x600.jpg 600w, https:\/\/gvi.com.mx\/2013\/wp-content\/uploads\/2022\/05\/Salicilic-cleansing-gel-100x100.jpg 100w\" data-sizes=\"(max-width: 1080px) 100vw, 1080px\" \/><\/div><\/div><\/div><\/div><div class=\"cz_gap clr \" style=\"height: 20px\"><\/div><div id=\"cz_79165\" class=\"cz_79165 cz_title clr cz_title_pos_center tac\"><div class=\"cz_title_content\"><div class=\"cz_wpe_content\"><h2 style=\"text-align: center;\">SALICYLIC CLEANSING<br \/>\nGEL<\/h2>\n<\/div><\/div><\/div><div class=\"cz_gap clr \" style=\"height: 20px\"><\/div><div class=\"cz_btn_center\"><div class=\"cz_36462_p\"><a id=\"cz_36462\" class=\"cz_36462 cz_btn cz_btn_txt_no_fx cz_btn_no_fx\" href=\"http:\/\/gvi.com.mx\/2013\/salicylic-cleansing-gel\/\" title=\"SUPREME SERUM PHLORETIN\"><span><strong>+Informaci\u00f3n<\/strong><\/span><b class=\"cz_btn_onhover\"><strong>+Informaci\u00f3n<\/strong><\/b><\/a><\/div><\/div>[\/vc_column_inner][\/vc_row_inner]<div class=\"cz_gap clr  hide_on_mobile\" style=\"height: 60px\"><\/div><div class=\"cz_gap show_on_mobile clr\" style=\"height: 30px\"><\/div>[vc_row_inner][vc_column_inner width=\u00bb1\/4&#8243;]<div id=\"cz_95436\" class=\"cz_95436 cz_image clr cz_image_no_fx center_on_mobile\"><div class=\"\" ><div class=\"cz_image_in\"><div class=\"cz_main_image\"><img decoding=\"async\" width=\"1080\" height=\"1080\" src=\"data:image\/svg+xml,%3Csvg%20xmlns%3D&#39;http%3A%2F%2Fwww.w3.org%2F2000%2Fsvg&#39;%20width=&#39;1080&#39;%20height=&#39;1080&#39;%20viewBox%3D&#39;0%200%201080%201080&#39;%2F%3E\" data-czlz data-src=\"https:\/\/gvi.com.mx\/2013\/wp-content\/uploads\/2022\/05\/BREAKOUT-CONTROL-Charcoal-Peel-Off-Mask.jpg\" class=\"attachment-full\" alt=\"\" title=\"BREAKOUT-CONTROL-Charcoal-Peel-Off-Mask\" data-srcset=\"https:\/\/gvi.com.mx\/2013\/wp-content\/uploads\/2022\/05\/BREAKOUT-CONTROL-Charcoal-Peel-Off-Mask.jpg 1080w, https:\/\/gvi.com.mx\/2013\/wp-content\/uploads\/2022\/05\/BREAKOUT-CONTROL-Charcoal-Peel-Off-Mask-300x300.jpg 300w, https:\/\/gvi.com.mx\/2013\/wp-content\/uploads\/2022\/05\/BREAKOUT-CONTROL-Charcoal-Peel-Off-Mask-1024x1024.jpg 1024w, https:\/\/gvi.com.mx\/2013\/wp-content\/uploads\/2022\/05\/BREAKOUT-CONTROL-Charcoal-Peel-Off-Mask-150x150.jpg 150w, https:\/\/gvi.com.mx\/2013\/wp-content\/uploads\/2022\/05\/BREAKOUT-CONTROL-Charcoal-Peel-Off-Mask-768x768.jpg 768w, https:\/\/gvi.com.mx\/2013\/wp-content\/uploads\/2022\/05\/BREAKOUT-CONTROL-Charcoal-Peel-Off-Mask-600x600.jpg 600w, https:\/\/gvi.com.mx\/2013\/wp-content\/uploads\/2022\/05\/BREAKOUT-CONTROL-Charcoal-Peel-Off-Mask-100x100.jpg 100w\" data-sizes=\"(max-width: 1080px) 100vw, 1080px\" \/><\/div><\/div><\/div><\/div><div class=\"cz_gap clr \" style=\"height: 20px\"><\/div><div id=\"cz_11839\" class=\"cz_11839 cz_title clr cz_title_pos_center tac\"><div class=\"cz_title_content\"><div class=\"cz_wpe_content\"><h2 style=\"text-align: center;\">BREAKOUT CONTROL<br \/>\nCharcoal Peel Off Mask<\/h2>\n<\/div><\/div><\/div><div class=\"cz_gap clr \" style=\"height: 20px\"><\/div><div class=\"cz_btn_center\"><div class=\"cz_44405_p\"><a id=\"cz_44405\" class=\"cz_44405 cz_btn cz_btn_txt_no_fx cz_btn_no_fx\" href=\"http:\/\/gvi.com.mx\/2013\/breakout-control-mask\/\" title=\"ACNE DRYING LOTION\"><span><strong>+Informaci\u00f3n<\/strong><\/span><b class=\"cz_btn_onhover\"><strong>+Informaci\u00f3n<\/strong><\/b><\/a><\/div><\/div>[\/vc_column_inner][vc_column_inner width=\u00bb1\/4&#8243;]<div id=\"cz_63095\" class=\"cz_63095 cz_image clr cz_image_no_fx center_on_mobile\"><div class=\"\" ><div class=\"cz_image_in\"><div class=\"cz_main_image\"><img decoding=\"async\" width=\"1080\" height=\"1080\" src=\"data:image\/svg+xml,%3Csvg%20xmlns%3D&#39;http%3A%2F%2Fwww.w3.org%2F2000%2Fsvg&#39;%20width=&#39;1080&#39;%20height=&#39;1080&#39;%20viewBox%3D&#39;0%200%201080%201080&#39;%2F%3E\" data-czlz data-src=\"https:\/\/gvi.com.mx\/2013\/wp-content\/uploads\/2022\/05\/blemish-repelling-gel.jpg\" class=\"attachment-full\" alt=\"\" title=\"blemish-repelling-gel\" data-srcset=\"https:\/\/gvi.com.mx\/2013\/wp-content\/uploads\/2022\/05\/blemish-repelling-gel.jpg 1080w, https:\/\/gvi.com.mx\/2013\/wp-content\/uploads\/2022\/05\/blemish-repelling-gel-300x300.jpg 300w, https:\/\/gvi.com.mx\/2013\/wp-content\/uploads\/2022\/05\/blemish-repelling-gel-1024x1024.jpg 1024w, https:\/\/gvi.com.mx\/2013\/wp-content\/uploads\/2022\/05\/blemish-repelling-gel-150x150.jpg 150w, https:\/\/gvi.com.mx\/2013\/wp-content\/uploads\/2022\/05\/blemish-repelling-gel-768x768.jpg 768w, https:\/\/gvi.com.mx\/2013\/wp-content\/uploads\/2022\/05\/blemish-repelling-gel-600x600.jpg 600w, https:\/\/gvi.com.mx\/2013\/wp-content\/uploads\/2022\/05\/blemish-repelling-gel-100x100.jpg 100w\" data-sizes=\"(max-width: 1080px) 100vw, 1080px\" \/><\/div><\/div><\/div><\/div><div class=\"cz_gap clr \" style=\"height: 20px\"><\/div><div id=\"cz_35579\" class=\"cz_35579 cz_title clr cz_title_pos_center tac\"><div class=\"cz_title_content\"><div class=\"cz_wpe_content\"><h2 style=\"text-align: center;\">BLEMISH REPELLING<br \/>\nGEL 5%<\/h2>\n<\/div><\/div><\/div><div class=\"cz_gap clr \" style=\"height: 20px\"><\/div><div class=\"cz_btn_center\"><div class=\"cz_89876_p\"><a id=\"cz_89876\" class=\"cz_89876 cz_btn cz_btn_txt_no_fx cz_btn_no_fx\" href=\"http:\/\/gvi.com.mx\/2013\/blemish-repelling\/\" title=\"SUPREME SERUM 20\"><span><strong>+Informaci\u00f3n<\/strong><\/span><b class=\"cz_btn_onhover\"><strong>+Informaci\u00f3n<\/strong><\/b><\/a><\/div><\/div>[\/vc_column_inner][vc_column_inner width=\u00bb1\/4&#8243;]<div id=\"cz_63445\" class=\"cz_63445 cz_image clr cz_image_no_fx center_on_mobile\"><div class=\"\" ><div class=\"cz_image_in\"><div class=\"cz_main_image\"><img decoding=\"async\" width=\"1080\" height=\"1080\" src=\"data:image\/svg+xml,%3Csvg%20xmlns%3D&#39;http%3A%2F%2Fwww.w3.org%2F2000%2Fsvg&#39;%20width=&#39;1080&#39;%20height=&#39;1080&#39;%20viewBox%3D&#39;0%200%201080%201080&#39;%2F%3E\" data-czlz data-src=\"https:\/\/gvi.com.mx\/2013\/wp-content\/uploads\/2022\/05\/300515-2.jpg\" class=\"attachment-full\" alt=\"\" title=\"300515\" data-srcset=\"https:\/\/gvi.com.mx\/2013\/wp-content\/uploads\/2022\/05\/300515-2.jpg 1080w, https:\/\/gvi.com.mx\/2013\/wp-content\/uploads\/2022\/05\/300515-2-300x300.jpg 300w, https:\/\/gvi.com.mx\/2013\/wp-content\/uploads\/2022\/05\/300515-2-1024x1024.jpg 1024w, https:\/\/gvi.com.mx\/2013\/wp-content\/uploads\/2022\/05\/300515-2-150x150.jpg 150w, https:\/\/gvi.com.mx\/2013\/wp-content\/uploads\/2022\/05\/300515-2-768x768.jpg 768w, https:\/\/gvi.com.mx\/2013\/wp-content\/uploads\/2022\/05\/300515-2-600x600.jpg 600w, https:\/\/gvi.com.mx\/2013\/wp-content\/uploads\/2022\/05\/300515-2-100x100.jpg 100w\" data-sizes=\"(max-width: 1080px) 100vw, 1080px\" \/><\/div><\/div><\/div><\/div><div class=\"cz_gap clr \" style=\"height: 20px\"><\/div><div id=\"cz_97162\" class=\"cz_97162 cz_title clr cz_title_pos_center tac\"><div class=\"cz_title_content\"><div class=\"cz_wpe_content\"><h2 style=\"text-align: center;\">SPOT ON ZINC<br \/>\nAND SULFUR MASK<\/h2>\n<\/div><\/div><\/div><div class=\"cz_gap clr \" style=\"height: 20px\"><\/div><div class=\"cz_btn_center\"><div class=\"cz_80893_p\"><a id=\"cz_80893\" class=\"cz_80893 cz_btn cz_btn_txt_no_fx cz_btn_no_fx\" href=\"http:\/\/gvi.com.mx\/2013\/spot-on-zinc-and-sulfur-mask\/\" title=\"SUPREME SERUM PHLORETIN\"><span><strong>+Informaci\u00f3n<\/strong><\/span><b class=\"cz_btn_onhover\"><strong>+Informaci\u00f3n<\/strong><\/b><\/a><\/div><\/div>[\/vc_column_inner][\/vc_row_inner]<div class=\"cz_gap clr  hide_on_mobile\" style=\"height: 60px\"><\/div><div class=\"cz_gap show_on_mobile clr\" style=\"height: 30px\"><\/div>[\/vc_column][\/vc_row][vc_row full_width=\u00bbstretch_row\u00bb css=\u00bb.vc_custom_1651623774400{background-color: #f2f2f2 !important;}\u00bb][vc_column]<div class=\"cz_gap clr \" style=\"height: 50px\"><\/div>[vc_row_inner][vc_column_inner width=\u00bb1\/6&#8243;][\/vc_column_inner][vc_column_inner width=\u00bb2\/3&#8243;]<div id=\"cz_59600\" class=\"cz_59600 cz_title clr cz_title_pos_left tac\"><div class=\"cz_title_content\"><div class=\"cz_wpe_content\"><h2 style=\"text-align: center;\">Descarga <span style=\"font-weight: 100;\">el cat\u00e1logo de CSS<\/span><\/h2>\n<\/div><\/div><\/div><div class=\"cz_gap clr \" style=\"height: 50px\"><\/div><div id=\"cz_18495\" class=\"cz_18495 cz_cf7 clr\"><div>\n<div class=\"wpcf7 no-js\" id=\"wpcf7-f4002-o1\" lang=\"es-ES\" dir=\"ltr\">\n<div class=\"screen-reader-response\"><p role=\"status\" aria-live=\"polite\" aria-atomic=\"true\"><\/p> <ul><\/ul><\/div>\n<form action=\"\/2013\/wp-json\/wp\/v2\/pages\/1507#wpcf7-f4002-o1\" method=\"post\" class=\"wpcf7-form init\" aria-label=\"Formulario de contacto\" novalidate=\"novalidate\" data-status=\"init\">\n<div style=\"display: none;\">\n<input type=\"hidden\" name=\"_wpcf7\" value=\"4002\" \/>\n<input type=\"hidden\" name=\"_wpcf7_version\" value=\"5.8.6\" \/>\n<input type=\"hidden\" name=\"_wpcf7_locale\" value=\"es_ES\" \/>\n<input type=\"hidden\" name=\"_wpcf7_unit_tag\" value=\"wpcf7-f4002-o1\" \/>\n<input type=\"hidden\" name=\"_wpcf7_container_post\" value=\"0\" \/>\n<input type=\"hidden\" name=\"_wpcf7_posted_data_hash\" value=\"\" \/>\n<\/div>\n<p><span class=\"wpcf7-form-control-wrap\" data-name=\"text-name\"><input size=\"40\" class=\"wpcf7-form-control wpcf7-text wpcf7-validates-as-required\" aria-required=\"true\" aria-invalid=\"false\" placeholder=\"Nombre\" value=\"\" type=\"text\" name=\"text-name\" \/><\/span>\n<\/p>\n<p><span class=\"wpcf7-form-control-wrap\" data-name=\"email-558\"><input size=\"40\" class=\"wpcf7-form-control wpcf7-email wpcf7-validates-as-required wpcf7-text wpcf7-validates-as-email\" aria-required=\"true\" aria-invalid=\"false\" placeholder=\"Email\" value=\"\" type=\"email\" name=\"email-558\" \/><\/span>\n<\/p>\n<p><span class=\"wpcf7-form-control-wrap\" data-name=\"tel-32\"><input size=\"40\" class=\"wpcf7-form-control wpcf7-tel wpcf7-validates-as-required wpcf7-text wpcf7-validates-as-tel\" aria-required=\"true\" aria-invalid=\"false\" placeholder=\"Tel\u00e9fono\" value=\"\" type=\"tel\" name=\"tel-32\" \/><\/span>\n<\/p>\n<p><span class=\"wpcf7-form-control-wrap\" data-name=\"your-cedula\"><input size=\"40\" class=\"wpcf7-form-control wpcf7-text wpcf7-validates-as-required\" aria-required=\"true\" aria-invalid=\"false\" placeholder=\"C\u00e9dula profesional\" value=\"\" type=\"text\" name=\"your-cedula\" \/><\/span>\n<\/p>\n<p><span class=\"wpcf7-form-control-wrap\" data-name=\"acceptance-961\"><span class=\"wpcf7-form-control wpcf7-acceptance\"><span class=\"wpcf7-list-item\"><label><input type=\"checkbox\" name=\"acceptance-961\" value=\"1\" aria-invalid=\"false\" \/><span class=\"wpcf7-list-item-label\"><a target=\"_blank\" href=\"http:\/\/gvi.com.mx\/2013\/aviso-de-privacidad\/\">Deseas recibir informaci\u00f3n, noticias y promociones de este producto a tu mail.<\/a><\/span><\/label><\/span><\/span><\/span>\n<\/p>\n<p><input class=\"wpcf7-form-control wpcf7-submit has-spinner\" type=\"submit\" value=\"SOLICITAR\" \/>\n<\/p><div class=\"wpcf7-response-output\" aria-hidden=\"true\"><\/div>\n<\/form>\n<\/div>\n<\/div><\/div>[\/vc_column_inner][vc_column_inner width=\u00bb1\/6&#8243;][\/vc_column_inner][\/vc_row_inner]<div class=\"cz_gap clr \" style=\"height: 50px\"><\/div>[\/vc_column][\/vc_row][vc_row full_width=\u00bbstretch_row\u00bb css=\u00bb.vc_custom_1651110771545{background-color: #fce4db !important;}\u00bb][vc_column]<div class=\"cz_gap clr \" style=\"height: 50px\"><\/div>[vc_row_inner][vc_column_inner width=\u00bb1\/6&#8243;][\/vc_column_inner][vc_column_inner width=\u00bb2\/3&#8243;]<div id=\"cz_110092\" class=\"cz_110092 cz_title clr cz_title_pos_inline tac\"><div class=\"cz_title_content\"><div class=\"cz_wpe_content\"><h2 style=\"text-align: center;\"><span style=\"font-weight: 100;\">\u00bfTIENES ALGUNA<\/span> PREGUNTA?<\/h2>\n<\/div><\/div><\/div><div id=\"cz_108260\" class=\"cz_108260 cz_title clr cz_title_pos_inline tac\"><div class=\"cz_title_content\"><div class=\"cz_wpe_content\"><h6 style=\"text-align: center;\"><span style=\"font-size: 20px;\"><strong>Necesitas ayuda con alg\u00fan producto o tienes dudas.<\/strong> Comun\u00edcate con nosotros y te ayudamos a resolverlas<\/span><\/h6>\n<\/div><\/div><\/div><div class=\"cz_gap clr \" style=\"height: 50px\"><\/div><div class=\"cz_btn_center\"><div class=\"cz_38151_p\"><a id=\"cz_38151\" class=\"cz_38151 cz_btn cz_btn_txt_no_fx cz_btn_no_fx\" href=\"#\"><span><strong>Contacto<\/strong><\/span><b class=\"cz_btn_onhover\"><strong>Contacto<\/strong><\/b><\/a><\/div><\/div>[\/vc_column_inner][vc_column_inner width=\u00bb1\/6&#8243;][\/vc_column_inner][\/vc_row_inner]<div class=\"cz_gap clr \" style=\"height: 50px\"><\/div>[\/vc_column][\/vc_row]<\/p>\n<\/section>","protected":false},"excerpt":{"rendered":"<p>[vc_row full_width=\u00bbstretch_row\u00bb equal_height=\u00bbyes\u00bb css=\u00bb.vc_custom_1664980441233{background-image: url(http:\/\/gvi.com.mx\/2013\/wp-content\/uploads\/2022\/10\/banner-mad-1.jpg?id=3660) !important;background-position: center !important;background-repeat: no-repeat !important;background-size: cover &#8230; <\/p>\n","protected":false},"author":3,"featured_media":0,"parent":0,"menu_order":0,"comment_status":"closed","ping_status":"closed","template":"","meta":{"footnotes":""},"class_list":["post-1507","page","type-page","status-publish","hentry"],"aioseo_notices":[],"_links":{"self":[{"href":"https:\/\/gvi.com.mx\/2013\/wp-json\/wp\/v2\/pages\/1507","targetHints":{"allow":["GET"]}}],"collection":[{"href":"https:\/\/gvi.com.mx\/2013\/wp-json\/wp\/v2\/pages"}],"about":[{"href":"https:\/\/gvi.com.mx\/2013\/wp-json\/wp\/v2\/types\/page"}],"author":[{"embeddable":true,"href":"https:\/\/gvi.com.mx\/2013\/wp-json\/wp\/v2\/users\/3"}],"replies":[{"embeddable":true,"href":"https:\/\/gvi.com.mx\/2013\/wp-json\/wp\/v2\/comments?post=1507"}],"version-history":[{"count":32,"href":"https:\/\/gvi.com.mx\/2013\/wp-json\/wp\/v2\/pages\/1507\/revisions"}],"predecessor-version":[{"id":3694,"href":"https:\/\/gvi.com.mx\/2013\/wp-json\/wp\/v2\/pages\/1507\/revisions\/3694"}],"wp:attachment":[{"href":"https:\/\/gvi.com.mx\/2013\/wp-json\/wp\/v2\/media?parent=1507"}],"curies":[{"name":"wp","href":"https:\/\/api.w.org\/{rel}","templated":true}]}}