{"id":972,"date":"2022-05-09T20:58:52","date_gmt":"2022-05-09T20:58:52","guid":{"rendered":"http:\/\/gvi.com.mx\/2013\/?page_id=972"},"modified":"2026-02-10T16:46:12","modified_gmt":"2026-02-10T16:46:12","slug":"donde-comprar","status":"publish","type":"page","link":"https:\/\/gvi.com.mx\/2013\/donde-comprar\/","title":{"rendered":"\u00bfD\u00d3NDE COMPRAR?"},"content":{"rendered":"<section class=\"wpb-content-wrapper\"><p>[vc_row full_width=\u00bbstretch_row\u00bb equal_height=\u00bbyes\u00bb css=\u00bb.vc_custom_1652129801383{background-image: url(http:\/\/gvi.com.mx\/2013\/wp-content\/uploads\/2022\/05\/DONDE-COMPRAR.jpg?id=973) !important;background-position: center !important;background-repeat: no-repeat !important;background-size: cover !important;}\u00bb][vc_column]<div class=\"cz_gap clr \" style=\"height: 120px\"><\/div>[vc_row_inner][vc_column_inner width=\u00bb1\/2&#8243;]<div id=\"cz_30614\" class=\"cz_30614 cz_title clr cz_title_pos_inline\"><div class=\"cz_title_content\"><div class=\"cz_wpe_content\"><h6>41 puntos clave de atenci\u00f3n a nivel nacional<\/h6>\n<\/div><\/div><\/div><div class=\"cz_gap clr \" style=\"height: 10px\"><\/div>[vc_separator color=\u00bbcustom\u00bb align=\u00bbalign_left\u00bb border_width=\u00bb10&#8243; el_width=\u00bb10&#8243; accent_color=\u00bb#f7c2aa\u00bb]<div id=\"cz_81910\" class=\"cz_81910 cz_title clr cz_title_pos_inline\"><div class=\"cz_title_content\"><div class=\"cz_wpe_content\"><h2>Sucursales y distribuidores<\/h2>\n<\/div><\/div><\/div><div id=\"cz_34840\" class=\"cz_34840 cz_title clr cz_title_pos_inline\"><div class=\"cz_title_content\"><div class=\"cz_wpe_content\"><h6>Contamos con una sucursal para atenci\u00f3n a pacientes y una red de distribuidores a lo largo de todo el territorio nacional que garantiza el servicio a todos los m\u00e9dicos especialistas del pa\u00eds.<\/h6>\n<\/div><\/div><\/div><div class=\"cz_gap clr \" style=\"height: 35px\"><\/div>[\/vc_column_inner][vc_column_inner width=\u00bb1\/2&#8243;][\/vc_column_inner][\/vc_row_inner]<div class=\"cz_gap clr \" style=\"height: 120px\"><\/div>[\/vc_column][\/vc_row][vc_row full_width=\u00bbstretch_row\u00bb css=\u00bb.vc_custom_1652130148793{margin-top: 0px !important;margin-right: 0px !important;margin-bottom: 0px !important;margin-left: 0px !important;background-color: #f2f2f2 !important;}\u00bb][vc_column]<div class=\"cz_gap clr \" style=\"height: 50px\"><\/div><div id=\"cz_21023\" class=\"cz_21023 cz_title clr cz_title_pos_center tac\"><div class=\"cz_title_content\"><div class=\"cz_wpe_content\"><h3 style=\"text-align: center;\">Sucursales<\/h3>\n<\/div><\/div><\/div>[vc_row_inner css=\u00bb.vc_custom_1652130852349{margin-top: 20px !important;}\u00bb][vc_column_inner width=\u00bb1\/3&#8243;]<div id=\"cz_51589\" class=\"cz_51589 cz_banner clr\">\n\t\t\t<figure class=\"effect-style1\">\n\t\t\t\t<img decoding=\"async\" width=\"669\" height=\"450\" src=\"data:image\/svg+xml,%3Csvg%20xmlns%3D&#39;http%3A%2F%2Fwww.w3.org%2F2000%2Fsvg&#39;%20width=&#39;669&#39;%20height=&#39;450&#39;%20viewBox%3D&#39;0%200%20669%20450&#39;%2F%3E\" data-czlz data-src=\"https:\/\/gvi.com.mx\/2013\/wp-content\/uploads\/2022\/05\/gdl.jpg\" class=\"attachment-full\" alt=\"\" title=\"gdl\" data-srcset=\"https:\/\/gvi.com.mx\/2013\/wp-content\/uploads\/2022\/05\/gdl.jpg 669w, https:\/\/gvi.com.mx\/2013\/wp-content\/uploads\/2022\/05\/gdl-300x202.jpg 300w, https:\/\/gvi.com.mx\/2013\/wp-content\/uploads\/2022\/05\/gdl-600x404.jpg 600w\" data-sizes=\"(max-width: 669px) 100vw, 669px\" \/>\n\t\t\t\t<figcaption><div><h4>GVI Guadalajara<\/h4><p class=\"cz_wpe_content\"><p style=\"text-align: center;\"><strong>Oficinas Corporativas<\/strong><\/p>\n<p style=\"text-align: center; line-height: 1.2em;\">T. (33) 3875 0165<br \/>\nAv. Rub\u00e9n Dar\u00edo No. 1533 Piso 7<br \/>\nCol. Providencia 3ra Secci\u00f3n<br \/>\nC.P. 44630<br \/>\nGuadalajara, Jal.<\/p><\/div><a href=\"https:\/\/goo.gl\/maps\/vXiV55TsxtTuwEiZ7\" rel=\"nofollow\" target=\"_blank\"> <\/a><\/figcaption>\t\t\t\n\t\t\t<\/figure>\n\t\t<\/div><div class=\"cz_gap show_on_mobile clr\" style=\"height: 25px\"><\/div>[\/vc_column_inner][vc_column_inner width=\u00bb1\/3&#8243;]<div id=\"cz_76283\" class=\"cz_76283 cz_banner clr\">\n\t\t\t<figure class=\"effect-style1\">\n\t\t\t\t<img decoding=\"async\" width=\"669\" height=\"450\" src=\"data:image\/svg+xml,%3Csvg%20xmlns%3D&#39;http%3A%2F%2Fwww.w3.org%2F2000%2Fsvg&#39;%20width=&#39;669&#39;%20height=&#39;450&#39;%20viewBox%3D&#39;0%200%20669%20450&#39;%2F%3E\" data-czlz data-src=\"https:\/\/gvi.com.mx\/2013\/wp-content\/uploads\/2022\/05\/plaza.jpg\" class=\"attachment-full\" alt=\"\" title=\"plaza\" data-srcset=\"https:\/\/gvi.com.mx\/2013\/wp-content\/uploads\/2022\/05\/plaza.jpg 669w, https:\/\/gvi.com.mx\/2013\/wp-content\/uploads\/2022\/05\/plaza-300x202.jpg 300w, https:\/\/gvi.com.mx\/2013\/wp-content\/uploads\/2022\/05\/plaza-600x404.jpg 600w\" data-sizes=\"(max-width: 669px) 100vw, 669px\" \/>\n\t\t\t\t<figcaption><div><h4>Suc. Guadalajara Top Care Atelier<\/h4><p class=\"cz_wpe_content\"><p style=\"text-align: center;\"><strong>Top Care Store Guadalajara<\/strong><\/p>\n<p style=\"text-align: center; line-height: 1.2em;\">Tel:33 20 03 44 16 \/ 17<br \/>\nAv. Manuel Acu\u00f1a No. 3184<br \/>\nPlaza Atelier Guadalajara<br \/>\nPrimer Piso, Local 14<br \/>\nGuadalajara, Jal.<\/p><\/div><a href=\"https:\/\/goo.gl\/maps\/ihxhXaHLMQUtQmiJ9\" rel=\"nofollow\" target=\"_blank\"> <\/a><\/figcaption>\t\t\t\n\t\t\t<\/figure>\n\t\t<\/div><div class=\"cz_gap show_on_mobile clr\" style=\"height: 25px\"><\/div>[\/vc_column_inner][vc_column_inner width=\u00bb1\/3&#8243;]<div id=\"cz_93983\" class=\"cz_93983 cz_banner clr\">\n\t\t\t<figure class=\"effect-style1\">\n\t\t\t\t<img decoding=\"async\" width=\"669\" height=\"450\" src=\"data:image\/svg+xml,%3Csvg%20xmlns%3D&#39;http%3A%2F%2Fwww.w3.org%2F2000%2Fsvg&#39;%20width=&#39;669&#39;%20height=&#39;450&#39;%20viewBox%3D&#39;0%200%20669%20450&#39;%2F%3E\" data-czlz data-src=\"https:\/\/gvi.com.mx\/2013\/wp-content\/uploads\/2022\/05\/cdmx.jpg\" class=\"attachment-full\" alt=\"\" title=\"cdmx\" data-srcset=\"https:\/\/gvi.com.mx\/2013\/wp-content\/uploads\/2022\/05\/cdmx.jpg 669w, https:\/\/gvi.com.mx\/2013\/wp-content\/uploads\/2022\/05\/cdmx-300x202.jpg 300w, https:\/\/gvi.com.mx\/2013\/wp-content\/uploads\/2022\/05\/cdmx-600x404.jpg 600w\" data-sizes=\"(max-width: 669px) 100vw, 669px\" \/>\n\t\t\t\t<figcaption><div><h4>GVI CDMX Oficinas<\/h4><p class=\"cz_wpe_content\"><p style=\"text-align: center;\"><strong>WTC<\/strong><\/p>\n<p style=\"text-align: center; line-height: 1.2em;\">T. (55) 90 00 62 00<br \/>\nMontecito No. 38, Piso 2, Local 6<br \/>\nCol. N\u00e1poles Del. Benito Ju\u00e1rez<br \/>\nC.P. 03810<br \/>\nCiudad de M\u00e9xico<\/p><\/div><a href=\"https:\/\/goo.gl\/maps\/wdmJTBg2SSjS7ML59\" rel=\"nofollow\" target=\"_blank\"> <\/a><\/figcaption>\t\t\t\n\t\t\t<\/figure>\n\t\t<\/div><div class=\"cz_gap show_on_mobile clr\" style=\"height: 25px\"><\/div>[\/vc_column_inner][\/vc_row_inner]<div class=\"cz_gap clr \" style=\"height: 50px\"><\/div>[\/vc_column][\/vc_row][vc_row full_width=\u00bbstretch_row\u00bb equal_height=\u00bbyes\u00bb][vc_column]<div class=\"cz_gap clr \" style=\"height: 50px\"><\/div><div id=\"cz_77302\" class=\"cz_77302 cz_title clr cz_title_pos_center tac\"><div class=\"cz_title_content\"><div class=\"cz_wpe_content\"><h3 style=\"text-align: center;\">Distribuidores<\/h3>\n<\/div><\/div><\/div><div class=\"cz_gap clr \" style=\"height: 50px\"><\/div><div id=\"cz_23021\" class=\"cz_23021 cz_tabs clr cz_tabs_vl cz_tabs_is_v\"><div class=\"cz_tabs_content\"><a class=\"cz_tab_a hide\" data-tab=\"cz_87772\" href=\"#\"><span class=\"cz_tab_in_title\">CENTRO<\/span><\/a><div id=\"cz_87772\" class=\"cz_tab\"><div>[vc_row_inner][vc_column_inner width=\u00bb1\/2&#8243;]<div class=\"cz_gap clr \" style=\"height: 25px\"><\/div>[vc_column_text]<span style=\"color: #ff5e17;\"><strong>Aguascalientes y Zacatecas<\/strong><\/span><\/p>\n<p><strong>Fabiola P\u00e9rez Esparza<\/strong><br \/>\n<a href=\"tel:4491590370\">Tel. 449 159 0370<\/a><br \/>\n<a href=\"tel:4491796116\">Cel. 449 179 6116<\/a><br \/>\n<a href=\"mailto:fabiolaperez@gvi.com.mx\">fabiolaperez@gvi.com.mx<\/a>[\/vc_column_text][\/vc_column_inner][vc_column_inner width=\u00bb1\/2&#8243;]<div class=\"cz_gap clr \" style=\"height: 25px\"><\/div>[vc_column_text]<span style=\"color: #ff5e17;\"><strong>Ciudad de M\u00e9xico<\/strong><\/span><\/p>\n<p><strong>Roc\u00edo Gonz\u00e1lez Manzano<\/strong><br \/>\nTel. <a href=\"tel:5571596695\">55 7159 6695<\/a> \/ <a href=\"tel:5571595355\">55 7159 5355<\/a><br \/>\nCel. <a href=\"tel:5521280733\">55 2128 0733<\/a><br \/>\n<a href=\"mailto:rociogonzalez@gvi.com.mx\">rociogonzalez@gvi.com.mx<\/a>[\/vc_column_text][\/vc_column_inner][\/vc_row_inner][vc_row_inner][vc_column_inner width=\u00bb1\/2&#8243;]<div class=\"cz_gap clr \" style=\"height: 25px\"><\/div>[vc_column_text]<span style=\"color: #ff5e17;\"><strong>Ciudad de M\u00e9xico<\/strong><\/span><\/p>\n<p><strong>Vanessa Verdejo B.<\/strong><br \/>\n<a href=\"tel:5532246803\">Cel. 55 3224 6803<\/a><br \/>\n<a href=\"mailto:vanessaverdejo@gvi.com.mx\">vanessaverdejo@gvi.com.mx<\/a>[\/vc_column_text][\/vc_column_inner][vc_column_inner width=\u00bb1\/2&#8243;]<div class=\"cz_gap clr \" style=\"height: 25px\"><\/div>[vc_column_text]<span style=\"color: #ff5e17;\"><strong>Ciudad de M\u00e9xico<\/strong><\/span><\/p>\n<p><strong>Marisol L\u00f3pez<\/strong><br \/>\n<a href=\"tel:5556381092\">Tel. 55 5638 1092<\/a><br \/>\n<a href=\"tel:5544667282\">Cel. 55 4466 7282<\/a> \/ <a href=\"tel:5556392033\">55 5639 2033<\/a><br \/>\n<a href=\"mailto:marisol_lopez@gvi.com.mx\">marisol_lopez@gvi.com.mx\u00a0<\/a>[\/vc_column_text][\/vc_column_inner][\/vc_row_inner][vc_row_inner][vc_column_inner width=\u00bb1\/2&#8243;]<div class=\"cz_gap clr \" style=\"height: 25px\"><\/div>[vc_column_text]<span style=\"color: #ff5e17;\"><strong>M\u00e9xico e Hidalgo<\/strong><\/span><\/p>\n<p><strong>Carmina de la Llata<\/strong><br \/>\n<a href=\"tel:5589520326\">Tel. 55 8952 0326<\/a> \/<a href=\"tel:5589520332\"> 55 8952 0332<\/a><br \/>\n<a href=\"tel:5534880915\">Cel. 55 3488 0915<\/a><br \/>\n<a href=\"mailto:carminadelallata@gvi.com.mx\">carminadelallata@gvi.com.mx<\/a>[\/vc_column_text][\/vc_column_inner][vc_column_inner width=\u00bb1\/2&#8243;]<div class=\"cz_gap clr \" style=\"height: 25px\"><\/div>[vc_column_text]<span style=\"color: #ff5e17;\"><strong>Ciudad de M\u00e9xico<\/strong><\/span><\/p>\n<p><strong>Beatriz G. Silva Rangel<\/strong><br \/>\n<a href=\"tel:5572580055\">Tel. 55 7258 0055<\/a><br \/>\n<a href=\"tel:5542309085\">Cel. 55 4230 9085<\/a><br \/>\n<a href=\"mailto:beatrizsilva@gvi.com.mx\">beatrizsilva@gvi.com.mx<\/a>[\/vc_column_text][\/vc_column_inner][\/vc_row_inner][vc_row_inner][vc_column_inner width=\u00bb1\/2&#8243;]<div class=\"cz_gap clr \" style=\"height: 25px\"><\/div>[vc_column_text]<span style=\"color: #ff5e17;\"><strong>Ciudad de M\u00e9xico<\/strong><\/span><\/p>\n<p><strong>Gloria Abriz<\/strong><br \/>\n<a href=\"tel:5571580353\">Tel. 55-71580353<\/a><br \/>\n<a href=\"tel:5543232399\">Cel. 55 4323 2399<\/a><br \/>\n<a href=\"mailto:gloriaabriz@gvi.com.mx\">gloriaabriz@gvi.com.mx<\/a>[\/vc_column_text][\/vc_column_inner][vc_column_inner width=\u00bb1\/2&#8243;]<div class=\"cz_gap clr \" style=\"height: 25px\"><\/div>[vc_column_text]<span style=\"color: #ff5e17;\"><strong>Guanajuato<\/strong><\/span><\/p>\n<p><strong>Ma. Guadalupe Alamilla Olmos<\/strong><br \/>\n<a href=\"tel:4772831268\">Tel. 477 283 1268<\/a> \/ <a href=\"tel:4779426209\">477 942 6209\u00a0<\/a><br \/>\n<a href=\"tel:4771068108\">Cel: 477 106 8108<\/a><br \/>\n<a href=\"mailto:guadalupealamilla@gvi.com.mx\">guadalupealamilla@gvi.com.mx<\/a>[\/vc_column_text][\/vc_column_inner][\/vc_row_inner][vc_row_inner][vc_column_inner width=\u00bb1\/2&#8243;]<div class=\"cz_gap clr \" style=\"height: 25px\"><\/div>[vc_column_text]<span style=\"color: #ff5e17;\"><strong>San Luis Potos\u00ed<\/strong><\/span><\/p>\n<p><strong>Maricela Cruz Rangel<\/strong><br \/>\n<a href=\"tel:4441296308\">Tel. 444 129 6308<\/a><br \/>\n<a href=\"tel:4448291834\">Cel. 444 829 1834<\/a><br \/>\n<a href=\"mailto:maricelacruz@gvi.com.mx\">maricelacruz@gvi.com.mx<\/a>[\/vc_column_text][\/vc_column_inner][vc_column_inner width=\u00bb1\/2&#8243;]<div class=\"cz_gap clr \" style=\"height: 25px\"><\/div>[vc_column_text]<span style=\"color: #ff5e17;\"><strong>Quer\u00e9taro y Celaya<\/strong><\/span><\/p>\n<p><strong>Agust\u00edn Rodr\u00edguez Castel\u00f3n<\/strong><br \/>\n<a href=\"tel:4421427114\">Cel. 442 1427 114<\/a><br \/>\n<a href=\"mailto:agustinrodriguez@gvi.com.mx\">agustinrodriguez@gvi.com.mx<\/a>[\/vc_column_text][\/vc_column_inner][\/vc_row_inner][vc_row_inner][vc_column_inner width=\u00bb1\/2&#8243;]<div class=\"cz_gap clr \" style=\"height: 25px\"><\/div>[vc_column_text]<span style=\"color: #ff5e17;\"><strong>Puebla<\/strong><\/span><\/p>\n<p><strong>Rosa Marcela Macias Alonso<\/strong><br \/>\n<a href=\"tel:22160039\">Tel. 22 2216 0039<\/a><br \/>\n<a href=\"tel:2225054280\">Cel. 22 2505 4280<\/a> \/ <a href=\"tel:2224649457\">22 2464 9457<\/a><br \/>\n<a href=\"mailto:marcelamacias@gvi.com.mx\">marcelamacias@gvi.com.mx<\/a>[\/vc_column_text][\/vc_column_inner][\/vc_row_inner]<\/div><\/div><a class=\"cz_tab_a hide\" data-tab=\"cz_73393\" href=\"#\"><span class=\"cz_tab_in_title\">OCCIDENTE<\/span><\/a><div id=\"cz_73393\" class=\"cz_tab\"><div>[vc_row_inner][vc_column_inner width=\u00bb1\/2&#8243;]<div class=\"cz_gap clr \" style=\"height: 25px\"><\/div>[vc_column_text]<span style=\"color: #ff5e17;\"><strong>Colima<\/strong><\/span><\/p>\n<p><strong>Guillermo Gonz\u00e1lez Olvera<\/strong><br \/>\n<a href=\"tel:3123182166\">Cel. 312 318 2166<\/a><br \/>\n<a href=\"mailto:guillermogonzalez@gvi.com.mx\">guillermogonzalez@gvi.com.mx<\/a>[\/vc_column_text][\/vc_column_inner][\/vc_row_inner][vc_row_inner][vc_column_inner width=\u00bb1\/2&#8243;]<div class=\"cz_gap clr \" style=\"height: 25px\"><\/div>[vc_column_text]<span style=\"color: #ff5e17;\"><strong>Guadalajara<\/strong><\/span><\/p>\n<p><strong>Alejandra Casta\u00f1eda<\/strong><br \/>\n<a href=\"tel:3331572011\">Cel. 33 3157 2011<\/a><br \/>\n<a href=\"mailto:alejandracastaneda@gvi.com.mx\">alejandracastaneda@gvi.com.mx<\/a>[\/vc_column_text][\/vc_column_inner][vc_column_inner width=\u00bb1\/2&#8243;]<div class=\"cz_gap clr \" style=\"height: 25px\"><\/div>[vc_column_text]<span style=\"color: #ff5e17;\"><strong>Guadalajara<\/strong><\/span><\/p>\n<p><strong>Araceli Salda\u00f1a Dom\u00ednguez<\/strong><br \/>\n<a href=\"tel:3319812785\">Tel. 33 1981 2785<\/a><br \/>\n<a href=\"tel:3338080833\">Cel. 33 3808 0833<\/a><br \/>\n<a href=\"mailto:aracelisaldana@gvi.com.mx\">aracelisaldana@gvi.com.mx<\/a>[\/vc_column_text][\/vc_column_inner][\/vc_row_inner][vc_row_inner][vc_column_inner width=\u00bb1\/2&#8243;]<div class=\"cz_gap clr \" style=\"height: 25px\"><\/div>[vc_column_text]<span style=\"color: #ff5e17;\"><strong>Guadalajara<\/strong><\/span><\/p>\n<p><strong>Er\u00e9ndira Garc\u00eda Vargas<\/strong><br \/>\n<a href=\"tel:3338319117\">Cel. 33 3831 9117<\/a><br \/>\n<a href=\"mailto:eregarcia@gvi.com.mx\" target=\"_blank\" rel=\"noopener noreferrer\" data-auth=\"NotApplicable\" data-safelink=\"true\" data-linkindex=\"1\">eregarcia@gvi.com.mx<\/a>[\/vc_column_text][\/vc_column_inner][vc_column_inner width=\u00bb1\/2&#8243;]<div class=\"cz_gap clr \" style=\"height: 25px\"><\/div>[vc_column_text]<span style=\"color: #ff5e17;\"><strong>Guadalajara<\/strong><\/span><\/p>\n<p><strong>Gerardo Alem\u00e1n<\/strong><br \/>\n<a href=\"tel:3338144598\">Cel. 33 3814 4598<\/a><br \/>\n<a href=\"mailto:gerardoaleman@gvi.com.mx\" target=\"_blank\" rel=\"noopener noreferrer\" data-auth=\"NotApplicable\" data-safelink=\"true\" data-linkindex=\"0\">gerardoaleman@gvi.com.mx<\/a>[\/vc_column_text][\/vc_column_inner][\/vc_row_inner][vc_row_inner][vc_column_inner width=\u00bb1\/2&#8243;]<div class=\"cz_gap clr \" style=\"height: 25px\"><\/div>[vc_column_text]<span style=\"color: #ff5e17;\"><strong>Guadalajara<\/strong><\/span><\/p>\n<p><strong>Ricardo \u00c1lvarez Sainz<\/strong><br \/>\n<a href=\"tel:3322586957\">Cel. 33 2258 6957<\/a><br \/>\n<a href=\"mailto:ricardoalvarez@gvi.com.mx\">ricardoalvarez@gvi.com.mx<\/a>[\/vc_column_text][\/vc_column_inner][vc_column_inner width=\u00bb1\/2&#8243;]<div class=\"cz_gap clr \" style=\"height: 25px\"><\/div>[vc_column_text]<span style=\"color: #ff5e17;\"><strong>Puerto Vallarta y Nayarit<\/strong><\/span><\/p>\n<p><strong>Sarahi Torres Rodr\u00edguez<\/strong><br \/>\n<a href=\"tel:3221050043\">Cel. 32 2105 0043<\/a><br \/>\n<a href=\"mailto:sarahitorres@gvi.com.mx\">sarahitorres@gvi.com.mx<\/a>[\/vc_column_text][\/vc_column_inner][\/vc_row_inner][vc_row_inner][vc_column_inner width=\u00bb1\/2&#8243;]<div class=\"cz_gap clr \" style=\"height: 25px\"><\/div>[vc_column_text]<span style=\"color: #ff5e17;\"><strong>Michoacan<\/strong><\/span><\/p>\n<p><strong>Nora Julia Duran Arizmendi<\/strong><\/p>\n<p><a href=\"tel:4433147762\">Tel. 443 314 7762<\/a><br \/>\n<a href=\"tel:3338319117\">Cel. 443 355 4018<\/a><br \/>\n<a href=\"mailto:sarahitorres@gvi.com.mx\" target=\"_blank\" rel=\"noopener noreferrer\" data-auth=\"NotApplicable\" data-safelink=\"true\" data-linkindex=\"0\">noraduran@gvi.com.mx<\/a>[\/vc_column_text][\/vc_column_inner][\/vc_row_inner]<\/div><\/div><a class=\"cz_tab_a hide\" data-tab=\"cz_67994\" href=\"#\"><span class=\"cz_tab_in_title\">NORTE<\/span><\/a><div id=\"cz_67994\" class=\"cz_tab\"><div>[vc_row_inner][vc_column_inner width=\u00bb1\/2&#8243;]<div class=\"cz_gap clr \" style=\"height: 25px\"><\/div>[vc_column_text]<span style=\"color: #ff5e17;\"><strong>Baja California Norte<\/strong><\/span><\/p>\n<p><strong>Estela y Sofia God\u00ednez<\/strong><br \/>\nSEGO INTERNATIONAL<br \/>\n<a href=\"tel:6646824519\">Tel. 664 682 4519<\/a> \/ <a href=\"tel:6646833025\">664 683 3025<\/a><br \/>\n<a href=\"tel:6642271090\">Cel. 664 227 1090<\/a><br \/>\n<a href=\"mailto:estelagodinez@infusionesgove.com.mx\">estelagodinez@infusionesgove.com.mx<\/a>[\/vc_column_text][\/vc_column_inner][vc_column_inner width=\u00bb1\/2&#8243;]<div class=\"cz_gap clr \" style=\"height: 25px\"><\/div>[vc_column_text]<span style=\"color: #ff5e17;\"><strong>Chihuahua<\/strong><\/span><\/p>\n<p><strong>Daniel Ram\u00edrez Paredes<\/strong><br \/>\n<a href=\"tel:6563254142\">Tel. 656 325 4142<\/a><br \/>\n<a href=\"tel:6562699002\">Cel. 65 6269 9002<\/a><br \/>\n<a href=\"mailto:danielramirez@gvi.com.mx\">danielramirez@gvi.com.mx<\/a>[\/vc_column_text][\/vc_column_inner][\/vc_row_inner][vc_row_inner][vc_column_inner width=\u00bb1\/2&#8243;]<div class=\"cz_gap clr \" style=\"height: 25px\"><\/div>[vc_column_text]<span style=\"color: #ff5e17;\"><strong>Sinaloa y Durango<\/strong><\/span><\/p>\n<p><strong>Guillermo M. D\u00edaz Sahagun<\/strong><br \/>\n<a href=\"tel:6674555125\">Tel. 667 455 5125<\/a><br \/>\n<a href=\"tel:6671431497\">Cel. 667 143 1497<\/a><br \/>\n<a href=\"mailto:guillermodiaz@gvi.com.mx\">guillermodiaz@gvi.com.mx <\/a>[\/vc_column_text][\/vc_column_inner][vc_column_inner width=\u00bb1\/2&#8243;]<div class=\"cz_gap clr \" style=\"height: 25px\"><\/div>[vc_column_text]<span style=\"color: #ff5e17;\"><strong>Nuevo Le\u00f3n<\/strong><\/span><\/p>\n<p><strong>Socorro Rivero Torres<\/strong><br \/>\n<a href=\"tel:8180743646\">Cel. 81 8074 3646<\/a><br \/>\n<a href=\"mailto:socorrorivero@gvi.com.mx\">socorrorivero@gvi.com.mx<\/a>[\/vc_column_text][\/vc_column_inner][\/vc_row_inner][vc_row_inner][vc_column_inner width=\u00bb1\/2&#8243;]<div class=\"cz_gap clr \" style=\"height: 25px\"><\/div>[vc_column_text]<span style=\"color: #ff5e17;\"><strong>Coahuila<\/strong><\/span><\/p>\n<p><strong>Miguel Angel Crisp\u00edn Aguilar<\/strong><br \/>\n<a href=\"tel:8715145765\">Cel. 871 514 5765<\/a><br \/>\n<a href=\"mailto:miguelcrispin@gvi.com.mx\">miguelcrispin@gvi.com.mx <\/a>[\/vc_column_text][\/vc_column_inner][vc_column_inner width=\u00bb1\/2&#8243;]<div class=\"cz_gap clr \" style=\"height: 25px\"><\/div>[vc_column_text]<span style=\"color: #ff5e17;\"><strong>Nuevo Le\u00f3n y Tamaulipas<\/strong><\/span><\/p>\n<p><strong>Jes\u00fas Armando Garc\u00eda Valdez<\/strong><br \/>\n<a href=\"tel:8126027467\">Cel. 8126027467<\/a><br \/>\n<a href=\"mailto:socorrorivero@gvi.com.mx\">jesusgarcia@gvi.com.mx<\/a>[\/vc_column_text][\/vc_column_inner][\/vc_row_inner][vc_row_inner][vc_column_inner width=\u00bb1\/2&#8243;]<div class=\"cz_gap clr \" style=\"height: 25px\"><\/div>[vc_column_text]<span style=\"color: #ff5e17;\"><strong>Sonora<\/strong><\/span><\/p>\n<p><strong>Eloy Delgado<\/strong><br \/>\n<a href=\"tel:642 113 51 58\">Tel. (642) 113 51 58<\/a><br \/>\n<a href=\"mailto:eduardomacias@gvi.com.mx\">eloy.delgado@dmedical.com.mx<\/a>[\/vc_column_text][\/vc_column_inner][vc_column_inner width=\u00bb1\/2&#8243;][\/vc_column_inner][\/vc_row_inner]<\/div><\/div><a class=\"cz_tab_a hide\" data-tab=\"cz_53003\" href=\"#\"><span class=\"cz_tab_in_title\">SUR<\/span><\/a><div id=\"cz_53003\" class=\"cz_tab\"><div>[vc_row_inner][vc_column_inner width=\u00bb1\/2&#8243;]<div class=\"cz_gap clr \" style=\"height: 25px\"><\/div>[vc_column_text]<span style=\"color: #ff5e17;\"><strong>Chiapas y Tabasco<\/strong><\/span><\/p>\n<p><strong>Brenda Patricia Leal Herrera<\/strong><br \/>\n<a href=\"tel:9611470427\">Tel. 961 147 0427<\/a><br \/>\n<a href=\"tel:9616490210\">Cel. 961 649 0210<\/a><br \/>\n<a href=\"mailto:brendaleal@gvi.com.mx\">brendaleal@gvi.com.mx<\/a>[\/vc_column_text][\/vc_column_inner][\/vc_row_inner][vc_row_inner][vc_column_inner width=\u00bb1\/2&#8243;]<div class=\"cz_gap clr \" style=\"height: 25px\"><\/div>[vc_column_text]<span style=\"color: #ff5e17;\"><strong>Quintana Roo y Campeche<\/strong><\/span><\/p>\n<p><strong>Mercedes Alonzo Pereira<\/strong><br \/>\n<a href=\"tel:9982145250\">Cel. 998 214 5250<\/a><br \/>\n<a href=\"mailto:mercedesalonzo@gvi.com.mx\">mercedesalonzo@gvi.com.mx<\/a>[\/vc_column_text][\/vc_column_inner][vc_column_inner width=\u00bb1\/2&#8243;]<div class=\"cz_gap clr \" style=\"height: 25px\"><\/div>[vc_column_text]<span style=\"color: #ff5e17;\"><strong>Veracruz<\/strong><\/span><\/p>\n<p><strong>Sandra Elisa Valdez Vargas<\/strong><br \/>\n<a href=\"tel:2976905302\">Tel. 297 690 5302<\/a><br \/>\n<a href=\"tel:2292080041\">Cel. 229 208 0041<\/a><br \/>\n<a href=\"mailto:sandravaldez@gvi.com.mx\">sandravaldez@gvi.com.mx<\/a>[\/vc_column_text][\/vc_column_inner][\/vc_row_inner][vc_row_inner][vc_column_inner width=\u00bb1\/2&#8243;]<div class=\"cz_gap clr \" style=\"height: 25px\"><\/div>[vc_column_text]<span style=\"color: #ff5e17;\"><strong>Yucat\u00e1n<\/strong><\/span><\/p>\n<p><strong>Sa\u00fal Echeverr\u00eda<\/strong><br \/>\n<a href=\"tel:9999448787\">Tel. 999 944 8787<\/a><br \/>\n<a href=\"tel:9999032156\">Cel. 999 903 2156<\/a><br \/>\n<a href=\"mailto:saulecheverria@hotmail.com\">saulecheverria@hotmail.com<\/a>[\/vc_column_text][\/vc_column_inner][vc_column_inner width=\u00bb1\/2&#8243;][\/vc_column_inner][\/vc_row_inner]<\/div><\/div><\/div><\/div>[\/vc_column][\/vc_row][vc_row][vc_column]<div class=\"cz_gap clr \" style=\"height: 25px\"><\/div>[\/vc_column][\/vc_row][vc_row full_width=\u00bbstretch_row\u00bb css=\u00bb.vc_custom_1651552314664{background-color: #fce4db !important;}\u00bb][vc_column]<div class=\"cz_gap clr \" style=\"height: 50px\"><\/div>[vc_row_inner][vc_column_inner width=\u00bb1\/6&#8243;][\/vc_column_inner][vc_column_inner width=\u00bb2\/3&#8243;]<div id=\"cz_76448\" class=\"cz_76448 cz_title clr cz_title_pos_inline tac\"><div class=\"cz_title_content\"><div class=\"cz_wpe_content\"><h2 style=\"text-align: center;\"><span style=\"font-weight: 100;\">\u00bfTIENES ALGUNA<\/span> PREGUNTA?<\/h2>\n<\/div><\/div><\/div><div id=\"cz_108260\" class=\"cz_108260 cz_title clr cz_title_pos_inline tac\"><div class=\"cz_title_content\"><div class=\"cz_wpe_content\"><h6 style=\"text-align: center;\"><span style=\"font-size: 20px;\"><strong>Necesitas ayuda con alg\u00fan producto o tienes dudas.<\/strong> Comun\u00edcate con nosotros y te ayudamos a resolverlas<\/span><\/h6>\n<\/div><\/div><\/div><div class=\"cz_gap clr \" style=\"height: 50px\"><\/div><div class=\"cz_btn_center\"><div class=\"cz_14260_p\"><a id=\"cz_14260\" class=\"cz_14260 cz_btn cz_btn_txt_no_fx cz_btn_no_fx\" href=\"https:\/\/gvi.com.mx\/2013\/contacto\/\" title=\"contacto\"><span><strong>Contacto<\/strong><\/span><b class=\"cz_btn_onhover\"><strong>Contacto<\/strong><\/b><\/a><\/div><\/div>[\/vc_column_inner][vc_column_inner width=\u00bb1\/6&#8243;][\/vc_column_inner][\/vc_row_inner]<div class=\"cz_gap clr \" style=\"height: 50px\"><\/div>[\/vc_column][\/vc_row]<\/p>\n<\/section>","protected":false},"excerpt":{"rendered":"<p>[vc_row full_width=\u00bbstretch_row\u00bb equal_height=\u00bbyes\u00bb css=\u00bb.vc_custom_1652129801383{background-image: url(http:\/\/gvi.com.mx\/2013\/wp-content\/uploads\/2022\/05\/DONDE-COMPRAR.jpg?id=973) !important;background-position: center !important;background-repeat: no-repeat !important;background-size: cover &#8230; <\/p>\n","protected":false},"author":1,"featured_media":0,"parent":0,"menu_order":0,"comment_status":"closed","ping_status":"closed","template":"","meta":{"footnotes":""},"class_list":["post-972","page","type-page","status-publish","hentry"],"aioseo_notices":[],"_links":{"self":[{"href":"https:\/\/gvi.com.mx\/2013\/wp-json\/wp\/v2\/pages\/972","targetHints":{"allow":["GET"]}}],"collection":[{"href":"https:\/\/gvi.com.mx\/2013\/wp-json\/wp\/v2\/pages"}],"about":[{"href":"https:\/\/gvi.com.mx\/2013\/wp-json\/wp\/v2\/types\/page"}],"author":[{"embeddable":true,"href":"https:\/\/gvi.com.mx\/2013\/wp-json\/wp\/v2\/users\/1"}],"replies":[{"embeddable":true,"href":"https:\/\/gvi.com.mx\/2013\/wp-json\/wp\/v2\/comments?post=972"}],"version-history":[{"count":48,"href":"https:\/\/gvi.com.mx\/2013\/wp-json\/wp\/v2\/pages\/972\/revisions"}],"predecessor-version":[{"id":4305,"href":"https:\/\/gvi.com.mx\/2013\/wp-json\/wp\/v2\/pages\/972\/revisions\/4305"}],"wp:attachment":[{"href":"https:\/\/gvi.com.mx\/2013\/wp-json\/wp\/v2\/media?parent=972"}],"curies":[{"name":"wp","href":"https:\/\/api.w.org\/{rel}","templated":true}]}}